1
Convert -111001101010 (base 2) to base 16.
-e6a
Convert 1619 (base 12) to base 16.
a35
-214352 (base 7) to base 6
-445535
What is 163 (base 11) in base 7?
361
3210302 (base 4) to base 13
6884
What is 144226 (base 7) in base 6?
333101
What is 1112112010 (base 3) in base 16?
763e
Convert 3a13 (base 12) to base 9.
10086
What is a25 (base 14) in base 11?
1552
Convert -10333 (base 4) to base 13.
-1b7
-22222121 (base 3) to base 12
-395a
What is 1242 (base 5) in base 13?
122
-111221012 (base 3) to base 9
-14835
2132 (base 4) to base 7
314
Convert 3404 (base 6) to base 7.
2215
111010010000100 (base 2) to base 4
13102010
Convert -a0a (base 12) to base 13.
-877
31707 (base 8) to base 14
4b8b
What is 10111000101011 (base 2) in base 12?
6a0b
What is -3711 (base 13) in base 6?
-100020
Convert -462 (base 14) to base 7.
-2352
What is -76b0 (base 12) in base 11?
-9922
1a13 (base 15) to base 2
1011000001011
2b7 (base 13) to base 2
111101000
Convert 28a7 (base 12) to base 16.
127f
-1123101 (base 4) to base 7
-23013
Convert -33905 (base 10) to base 9.
-51452
What is -60354 (base 7) in base 9?
-22013
-1012200 (base 3) to base 7
-2400
What is -4426 (base 7) in base 14?
-816
Convert -1432 (base 11) to base 13.
-ac4
-2302320 (base 4) to base 3
-120201000
Convert -22 (base 12) to base 2.
-11010
Convert -15255 (base 6) to base 9.
-3358
8401 (base 9) to base 11
4698
677 (base 15) to base 3
2000011
What is 2222101 (base 3) in base 16?
87a
What is 7 (base 13) in base 16?
7
Convert -66 (base 9) to base 13.
-48
What is -13210111 (base 4) in base 16?
-7915
7296 (base 12) to base 5
344443
What is -339 (base 12) in base 13?
-2a9
Convert 11220 (base 5) to base 4.
30222
What is -444 (base 10) in base 12?
-310
Convert -2313 (base 5) to base 10.
-333
What is -304a (base 16) in base 8?
-30112
Convert 9c8 (base 14) to base 15.
895
What is 231210 (base 6) in base 4?
10310112
-3244 (base 6) to base 15
-34d
622 (base 7) to base 14
182
What is 139 (base 13) in base 5?
1332
What is 3225 (base 11) in base 12?
2572
What is -2221100 (base 3) in base 7?
-6150
What is -210000 (base 5) in base 8?
-15333
Convert 3035 (base 7) to base 13.
632
What is 46b7 (base 12) in base 5?
223130
Convert -825 (base 10) to base 16.
-339
What is 105251 (base 6) in base 14?
339d
Convert 30b4 (base 14) to base 16.
20c6
Convert -22126 (base 11) to base 6.
-404325
Convert 595 (base 16) to base 3.
1221221
-53c6 (base 14) to base 2
-11100010010010
Convert b46 (base 13) to base 15.
87c
32 (base 4) to base 3
112
What is 557 (base 9) in base 16?
1c9
Convert -3a8 (base 12) to base 6.
-2332
-4a99 (base 11) to base 13
-303c
What is 2a54 (base 11) in base 12?
2337
23060 (base 9) to base 15
4843
What is -20003 (base 7) in base 5?
-123210
What is 18d (base 14) in base 11?
272
What is -55b4 (base 14) in base 7?
-61214
What is -5222 (base 6) in base 2?
-10010001110
What is -2559 (base 10) in base 2?
-100111111111
What is -18a85 (base 11) in base 14?
-9996
-13674 (base 13) to base 15
-ab26
-15003 (base 6) to base 4
-211023
Convert -61654 (base 7) to base 6.
-153454
What is -31992 (base 10) in base 7?
-162162
What is 7107 (base 14) in base 5?
1110121
Convert -1110222 (base 3) to base 11.
-8a1
What is -4022 (base 5) in base 10?
-512
What is 31513 (base 6) in base 9?
5800
Convert -224412 (base 5) to base 2.
-1111110101011
What is 1101010 (base 2) in base 5?
411
14099 (base 12) to base 7
143643
Convert -1909 (base 12) to base 6.
-22013
What is -5112 (base 7) in base 14?
-909
Convert 3ab (base 14) to base 13.
44b
Convert 258 (base 9) to base 3.
21222
What is -244 (base 7) in base 6?
-334
What is -112212 (base 4) in base 16?
-5a6
327 (base 9) to base 4
10030
Convert -11112 (base 3) to base 14.
-8a
-d3 (base 14) to base 3
-20212
What is 3812 (base 10) in base 6?
25352
Convert -1011010100000 (base 2) to base 10.
-5792
135 (base 11) to base 8
237
Convert -1241 (base 7) to base 8.
-726
Convert 51 (base 12) to base 6.
141
What is -3325 (base 8) in base 10?
-1749
-1880 (base 9) to base 11
-10a8
What is 29b5 (base 12) in base 11?
3745
Convert 12111020 (base 3) to base 13.
1a8b
What is 1122 (base 8) in base 4?
21102
Convert 2200111010 (base 3) to base 12.
266b6
20401 (base 6) to base 11
2069
What is 10101000100001101 (base 2) in base 6?
1503245
What is -c15 (base 16) in base 12?
-1959
-2218 (base 13) to base 6
-34001
What is -9c1 (base 14) in base 12?
-1151
What is 1641 (base 13) in base 12?
1a80
What is 3511 (base 7) in base 13?
778
Convert 1010 (base 10) to base 2.
1111110010
Convert 835 (base 14) to base 8.
3117
Convert -1203211 (base 4) to base 7.
-24403
Convert 19043 (base 12) to base 14.
d359
-1012 (base 9) to base 10
-740
Convert -1b5 (base 13) to base 2.
-100111101
-1220103 (base 5) to base 8
-55161
74401 (base 9) to base 4
30000100
1728 (base 13) to base 2
110101010110
Convert 940 (base 14) to base 12.
1078
-42909 (base 10) to base 5
-2333114
86 (base 13) to base 10
110
Convert -201122 (base 4) to base 14.
-aca
-22323 (base 4) to base 3
-221220
What is 6a6a (base 13) in base 3?
202112002
-3002 (base 4) to base 15
-ce
What is -18948 (base 11) in base 16?
-673e
8038 (base 14) to base 4
11113302
Convert -43 (base 12) to base 9.
-56
Convert -1100101101000 (base 2) to base 5.
-202004
34011 (base 5) to base 7
6641
-1002111 (base 3) to base 2
-1100011100
Convert -2333432 (base 5) to base 11.
-2a334
What is 73435 (base 8) in base 4?
13130131
What is -1010001100001 (base 2) in base 14?
-1c89
123124 (base 6) to base 13
5065
What is cad0 (base 14) in base 3?
1210002220
Convert -113b (base 14) to base 13.
-1493
What is 62165 (base 8) in base 16?
6475
What is 3188 (base 9) in base 10?
2348
What is -12350 (base 8) in base 14?
-1d44
What is 4a3 (base 12) in base 10?
699
What is -283a (base 15) in base 9?
-12721
Convert -212 (base 13) to base 12.
-255
Convert -34 (base 16) to base 13.
-40
What is -3c1 (base 13) in base 8?
-1230
What is -2560 (base 8) in base 7?
-4026
Convert -3170 (base 11) to base 2.
-1000001011111
Convert -1670 (base 15) to base 16.
-12de
Convert -75a3 (base 15) to base 9.
-37140
a02 (base 12) to base 10
1442
-548 (base 12) to base 15
-36b
What is -122313 (base 8) in base 9?
-63774
Convert -5255 (base 10) to base 6.
-40155
Convert cb9 (base 16) to base 3.
11110122
Convert 233221 (base 4) to base 16.
be9
-32200 (base 4) to base 7
-2464
-3195 (base 11) to base 7
-15204
Convert -550 (base 7) to base 5.
-2110
Convert -224046 (base 7) to base 2.
-1001101110001110
Convert -122020101 (base 3) to base 7.
-51430
-3149 (base 12) to base 2
-1010100001001
Convert b21 (base 14) to base 4.
202021
What is -20200001 (base 3) in base 14?
-1ab3
What is -134032 (base 5) in base 8?
-12615
What is 542 (base 6) in base 2?
11001110
Convert 10352 (base 7) to base 14.
d29
What is 86450 (base 9) in base 10?
57231
What is -2121 (base 4) in base 10?
-153
7ac0 (base 14) to base 12
10420
What is 1054 (base 7) in base 4?
11332
What is 1004 (base 8) in base 13?
309
505d (base 14) to base 3
200221020
What is 2a039 (base 11) in base 5?
2331014
What is 16224 (base 7) in base 6?
33103
111000110 (base 2) to base 5
3304
What is 21210212 (base 3) in base 14?
2109
2312a (base 11) to base 12
17418
What is 1010010000 (base 2) in base 3?
220022
What is 649 (base 10) in base 4?
22021
542 (base 15) to base 9
1558
1538 (base 13) to base 2
110000010001
Convert 258 (base 14) to base 7.
1241
What is 22302 (base 4) in base 3?
221120
-836 (base 9) to base 3
-221020
Convert 1011010110001 (base 2) to base 6.
42521
What is -214113 (base 5) in base 13?
-34ab
What is -53 (base 8) in base 6?
-111
2010311 (base 5) to base 6
403540
3b5 (base 16) to base 8
1665
What is -813 (base 10) in base 13?
-4a7
-20365 (base 8) to base 14
-3109
Convert 1230230 (base 6) to base 11.
457aa
71b4 (base 16) to base 12
14a18
What is -15dc (base 14) in base 4?
-331032
-17934 (base 11) to base 4
-12013330
-b0b (base 16) to base 7
-11146
What is 100 (base 10) in base 7?
202
329 (base 13) to base 15
262
111200022 (base 3) to base 6
114055
Convert -4219 (base 13) to base 12.
-5364
Convert -1876 (base 9) to base 13.
-873
10033 (base 4) to base 2
100001111
-1a1 (base 11) to base 14
-128
748 (base 10) to base 4
23230
What is -1000011 (base 3) in base 10?
-733
333 (base 10) to base 16
14d
Convert -3733 (base 